+ 4*w + 3 - 208. What is the remainder when f is divided by 20?
11
Let x(a) = a**3 - 5*a**2 - 8*a + 13. Let m be x(6). Let j be -7 - 5/10*(-6)/m. What is the remainder when 10 is divided by j/(4 - 8)*5?
0
Let f(z) = z**3 + 43*z**2 + 84*z + 312. Calculate the remainder when f(-40) is divided by 9.
6
Suppose -215204 = -60*v + 7*v - 14*v. Calculate the remainder when v is divided by 17.
16
Let l(z) = 10*z**3 + z. Let k be l(-1). Let q = 19 - k. Calculate the remainder when q is divided by 323/57 + -1 - ((-16)/(-6) - 2).
2
Suppose 12*z = 24*z - 6996. What is the remainder when z is divided by 5?
3
Let l(u) = -2098*u + 665. What is the remainder when l(-2) is divided by 128?
125
Suppose -21*i + 208 = -25*i. Let o = i + 89. Calculate the remainder when o is divided by 8.
5
Suppose i + 11*a = 9*a + 361, -3*a = 3*i - 1068. Calculate the remainder when i is divided by 32.
31
Suppose -5*o + 193 = -3*u, 0 = -3*o + u + 105 + 10. Suppose 2*g = 2*f - o, 5*f = 3*g + 51 + 36. Calculate the remainder when 56 is divided by f.
11
Suppose -3*p + 1122 = 177. What is the remainder when p is divided by 10/(-4)*36/(-345)*23?
3
Suppose 0 = q + 6. Let c be 16/10 + q/(-15). What is the remainder when 28 is divided by (1/c)/((-12)/(-360))?
13
Let h be (-1848)/(-105) + 2/5. Suppose -54 - 684 = -h*p. Let f(s) = 2*s**3 + 6*s + 4. What is the remainder when f(5) is divided by p?
38
Let n = -601 + 969. What is the remainder when 221 is divided by (n/2)/((-16 - -5) + 13)?
37
Let w be 112/18 + 2/(-9). Let k(g) = -10*g + 86. What is the remainder when 233 is divided by k(w)?
25
Suppose -8 - 10 = -26*b + 320. Let n(k) = k**3 + k**2 - k + 4. Calculate the remainder when n(3) is divided by b.
11
Let g = 22796 - 22628. Calculate the remainder when 178 is divided by g.
10
Suppose 5*l + 3 = 93. Suppose -l = -b + 2. What is the remainder when 58 is divided by b?
18
Suppose 3*d - 2*t = 57, 0 = -d - 2*t - 5 + 16. Let n(s) = -26*s + 3. What is the remainder when n(-1) is divided by d?
12
Suppose 5*c + 5*t = -775, -3*c = 4*t - 37 + 500. Let h = c + 169. What is the remainder when 71 is divided by h?
11
Let y be (-2)/6 - (-254)/6. Suppose -y*p + 41*p = -22. What is the remainder when (15/(-5) + 29)/((-1)/(-5)) is divided by p?
20
Let v = -3435 + 3535. Calculate the remainder when v is divided by 88.
12
Suppose -2*u - 3*u = -3*r + 257, 0 = 2*r - u - 162. Suppose 24*q - 641 = 1087. Let w = r - q. Calculate the remainder when 32 is divided by w.
4
Suppose 6*l - 14 = 10. Suppose l*f - 2*r - 196 = 0, -5*f + 5*r = 2*r - 243. What is the remainder when f is divided by 9?
6
Let m = -13421 + 13459. What is the remainder when 1630 is divided by m?
34
Let n(s) be the first derivative of -713*s**2/2 - 17*s + 27. Let v be n(-4). Calculate the remainder when v/28 - 2/8 is divided by 15.
11
Let v = -487 - -180. Let t = 340 + v. Calculate the remainder when 56 is divided by t.
23
Let s(v) = -v**3 + 30*v**2 + 65*v + 514. What is the remainder when s(32) is divided by 20?
6
Suppose -4*l + 94 = 3*z, -3*z + 3*l = -6*z + 90. Calculate the remainder when -3 - (7/((-70)/(-12)))/(6/(-465)) is divided by z.
12
Suppose 20*r - 25 = 15. Suppose r*u - 15 = -w - 2*w, 9 = 3*w + 4*u. Let d = 13 + 0. What is the remainder when d is divided by w?
6
Let y(r) = -94*r - 1523. What is the remainder when y(-82) is divided by 68?
65
Let j = -1660 - -1762. Let l be (-2)/12 - (-1)/6. Suppose l*g = 2*g - 70. What is the remainder when j is divided by g?
32
Let m(g) be the first derivative of 3*g**2/2 + 38*g - 6. Let f be m(-9). Suppose -95 = 6*h - f*h. Calculate the remainder when 71 is divided by h.
14
Suppose -480*t - 1920 = -475*t. Let b = t - -392. What is the remainder when 396 is divided by b?
4
Let z = 606 - 963. Let g = 402 + z. Calculate the remainder when 673 is divided by g.
43
Let s = 561 - 420. Calculate the remainder when 194 is divided by s.
53
Let v(j) = -31*j - 2428. Calculate the remainder when v(-93) is divided by 66.
59
Suppose -h = -3*i + 114, -32*i + 72 = -30*i - 2*h. Suppose -2*u = s - 23, -2*s + 7*u = 4*u - i. Calculate the remainder when s is divided by 12.
9
Let t(k) = -k**3 + 53*k**2 - 278*k - 122. Calculate the remainder when 183 - 1 - (-3)/1 is divided by t(47).
53
Let s be (3 + -7)*(-2 - -1). Let a(x) = 2*x**2 - 2*x - 3. Let j be a(s). What is the remainder when 25 is divided by j/(2/((-16)/(-12)))?
11
Let z(n) = 25*n + 205. What is the remainder when z(-6) is divided by (-5 + 3)/(4/(-14))?
6
Suppose 148 = 11*q - 108 - 41. What is the remainder when 1565 is divided by q?
26
Let a = 29 - 1. Let o(u) = 95*u - 1134. Calculate the remainder when a is divided by o(12).
4
What is the remainder when -17 + (25 - -1851) - (-2)/(2/9) is divided by 99?
86
Let w(o) = -o**3 + 141*o + 13. Let r be (15/5)/((-9)/(-39)). Let a = 23 - r. Calculate the remainder when w(-12) is divided by a.
9
Suppose 108*a - 75 = 107*a. What is the remainder when a is divided by ((-155)/1)/(-5) - -3?
7
Suppose 17*w - 1221 = w + 2987. Calculate the remainder when 4469 is divided by w.
261
Let x = 124 + -124. Let a be x/5 + 4 - 46*-2. Calculate the remainder when 34 is divided by (-23)/(-3) + a/72.
7
Let y = 885927 - 885643. Let h(o) = -16*o**3 + o**2 + o. What is the remainder when y is divided by h(-1)?
12
Let y(k) = k**2 - 25*k + 228. What is the remainder when y(9) is divided by 13?
6
Suppose 25 = -2*k - 5*g, -2*k + 5 = -0*k - g. Suppose 5*x + 5*n = 680, 4*n + k*n - 266 = -2*x. Calculate the remainder when x is divided by 10.
9
Suppose 0 = 5*w - 3*q - 12148, -52*w - 9713 = -56*w - 3*q. What is the remainder when w is divided by 10?
9
Let r(d) = -218*d - 489. What is the remainder when r(-3) is divided by 114?
51
Suppose 6*b + 56 + 4 = 0. Let l(i) = -3*i - 15. Calculate the remainder when 36 is divided by l(b).
6
Let i(d) = -d**2 - 9*d - 16. Let u be i(-6). Suppose 2*f - 104 = -u*f. Suppose 0 = -4*p + f + 6. Calculate the remainder when 27 is divided by p.
3
Suppose 0 = -l - l + 128. Suppose -4*g + 216 = -4*p, -5*p = -g + l - 6. Calculate the remainder when g is divided by (-4)/(-10) - (-2812)/370.
5
Let n(k) = 3*k**2. Let u be n(-1). Suppose -u*y + 10080 = 2*y. What is the remainder when y/35 + (-4)/(-10) is divided by 12?
10
Let j(h) = -6*h**2 - 7*h - 13. Let y be j(7). Let n = y - -450. Calculate the remainder when 465 is divided by n.
89
Suppose 3*j = 5*h + 3543, -41*h + 6 = -40*h. What is the remainder when j is divided by 595?
1
Suppose 16*a = 17*a - 4, 0 = -4*w + 4*a + 360. What is the remainder when 468 is divided by w?
92
Let l(n) = 2*n**2 + 9*n - 7. Calculate the remainder when 186 is divided by l(-8).
39
Suppose -41*m + 5403 = -19*m + 1201. What is the remainder when m is divided by 82?
27
Calculate the remainder when (4*(-308)/336)/(2/(-1308)) is divided by 478.
8
Suppose -4*k = l - 356, -2*l - 7*k + 703 = -2*k. Let p = 382 - l. Calculate the remainder when 134 is divided by p.
20
Suppose 0*j + 6*j = -1908. Let k = -304 - j. What is the remainder when 613 is divided by k?
11
Suppose -4*r + 113 = o, -5*r + 8*o + 54 + 78 = 0. Suppose 5*v - 183 = 757. What is the remainder when v is divided by r?
20
Suppose -z + 29 = 16. Let x be -3 - -2 - z/(-13). Suppose x = f - 5*f + 108. What is the remainder when 104 is divided by f?
23
Suppose 0*n + 102 = 3*n + 4*r, -3*n + r = -117. Suppose 475 = 48*l + 34*l - 99. What is the remainder when n is divided by l?
3
Let l(i) = 3*i**2 + 9*i - 73. What is the remainder when l(11) is divided by 98?
95
Let j = -41 + 44. Suppose -10 = j*i - 5*t, -2*i + 2*t = 3*t - 15. Suppose -15 = -i*n + 105. Calculate the remainder when n is divided by 9.
6
Let i be ((-9)/(-2))/((-4)/(32/3)). Let p be 7/(28/i)*-1. Suppose -k + 5 + 11 = 5*a, 0 = p*k - 2*a - 65. Calculate the remainder when 82 is divided by k.
19
What is the remainder when 232 is divided by (-110)/66*(-96)/10?
8
Suppose -1089*d + 544*d = -555*d + 1520. Calculate the remainder when 384 is divided by d.
80
Let p(m) = m**2 + 18*m - 16. Suppose 0 = 35*o + 1081 - 416. What is the remainder when 14 is divided by p(o)?
2
Let l(y) = -3*y - 3. Suppose 5*u = 2*h - 71, 2*h + u - 59 = 2*u. Suppose q = h - 21. What is the remainder when l(-4) is divided by q?
2
Suppose -l + 95 = 4*s - 6, -3*s + 72 = -3*l. Let t = 38 + -73. Let y = t - -42. Calculate the rem